-4)?
19
Calculate (-3 - -5) + -15 - -18.
5
-1 + 6 - (15 + -48 - -52)
-14
Calculate 2 + ((-2 - 2) + 12 + -9 - -2).
3
What is the value of -6 + -5 + 39 + (8 - 25)?
11
What is the value of (-824 - -831) + 18 + 0 + (1 - 1)?
25
What is -14 + (14 - -12) + (0 - -17)?
29
(3 - -2) + -5 + -8 + -1
-9
What is the value of (-3 - -1) + -12 + (16 - 5) + 15?
12
Evaluate -20 + -2 + (2 - (23 - 28)).
-15
Calculate -1 + (-7 - (-11 - 5)) + 3 + 0.
11
-15 - (14 + -18 - (-7 - -3))
-15
Evaluate (-3 - 3 - (7 + -4)) + -5.
-14
Evaluate (-5 - (-2 - 1) - (-18 - -8)) + 3.
11
Calculate (-21 - (4 - 32)) + -1 + (7 - 1).
12
16 - (2 - -7 - (-1 + 11))
17
-1 + (-7 - 0) + -16 + 2 + 21
-1
Evaluate 15 + -26 + 5 + -6 + 26.
14
What is the value of 5 + -2 + -35 + 12?
-20
40 + 14 + 9 - 37
26
-2 + -12 + (7 - -1) + -2
-8
What is 42 + -52 - (-2 + -10)?
2
What is -3 + (-9 - -2 - (-56 - -56))?
-10
Calculate 542 - 538 - (17 - -1) - -12.
-2
What is 14 + -5 + -48 + 9?
-30
What is the value of -2 - (-16 - 2 - (1 + -7))?
10
33 + (-32 - -47 - 44)
4
-4 + 17 + -13 - 10 - (3 + -1)
-12
Calculate 28 + -57 + 27 + (-1 + 3 - 1).
-1
59 - 57 - ((1 - (-2 + 1)) + 9)
-9
Calculate 1 + -9 + 8 + -2 - 15.
-17
What is the value of (-11 - (9 + -1 - 5)) + (-4 - -3)?
-15
Calculate 3 + -10 + -7 + 0 + -7 + 6.
-15
Evaluate -14 - 5 - ((-20 - 10) + -13).
24
Calculate 47 - (-11 + (29 - -10)).
19
What is the value of 6 - (31 + -7) - -5 - -34?
21
What is the value of -46 - -37 - (-44 - (1 - 6) - -4)?
26
What is (-2 - -9) + -3 - (0 - -6) - -2?
0
What is the value of -18 - -35 - 1 - 24?
-8
What is the value of -24 - (-1 + 1 - (4 - 23 - -29))?
-14
Calculate (14 - (-13 + 24)) + -7 + 2.
-2
What is the value of -1 + (2 - -18) + 0 - (121 + -118)?
16
Calculate (-1 - 2) + (-3 + 18 - (64 - 28)).
-24
Evaluate (-17 + 28 - 12) + -8.
-9
Evaluate 16 - 1 - (-3 + -10 + -2 - -11).
19
What is 5 + (-7 - (15 - 10)) - (-1 + 7)?
-13
What is 24 - (29 - 9) - 4?
0
What is (0 - 1) + -2 + 10 + -5 + 0?
2
Calculate (36 - 29) + 0 + 5.
12
Evaluate -15 - ((-1 - (-3 + 25)) + 12).
-4
-5 - (-2 - 3 - 3) - -15
18
Evaluate (1 - -20) + ((0 - -9) + -6 - 9).
15
(6 - 15) + 19 + -10 + (0 - 12)
-12
Calculate -22 + 39 + 9 + -10 + -9.
7
What is -48 + (-43 - -105 - 32)?
-18
What is the value of 75 + -58 + -18 + 2 - (-1 + -3)?
5
Calculate -5 + (4 - (-9 + -10)) + -8 + 1.
11
What is 6 - (-25 + 17) - (0 + 1)?
13
What is the value of -2 - -1 - (8 - (-9 + 17) - 4)?
3
Evaluate -4 + -2 - (5 + -9 + -1).
-1
Calculate -16 + 23 + 30 - 24.
13
Calculate 18 + (-12 - 6) + 5.
5
What is the value of -4 - (-17 - -4) - (-2 - -23)?
-12
What is the value of -4 + 6 + 2 - (-57 - -83)?
-22
Calculate 0 + 1 - (-29 + (46 - 25)).
9
Calculate -3 + -18 - (-29 - -6).
2
What is (-12 - -12 - 7) + (-5 - (1 + 1))?
-14
What is the value of 3 + ((-4 - 3) + 10 - -6)?
12
Calculate 0 + -1 - ((-10 - -22 - 13) + 8).
-8
What is the value of -3 + (-3 - (3 - 3)) - (120 + -129)?
3
-9 + 24 + (79 - 116)
-22
What is the value of -1 + -3 - (-5 - 11)?
12
(-6 - (-25 - -1)) + (-9 - -4)
13
Calculate -4 - (-16 + 18 + -3).
-3
Evaluate (-8 + 4 - -1) + 5 - 8.
-6
Calculate -2 - 1 - (5 + 0).
-8
-6 + (-2 + -1 - 2 - -1)
-10
Evaluate (166 - 179) + (1 - 1) + 4 - 14.
-23
Calculate -2 + -3 + 17 + -7 - (-5 - -1).
9
Evaluate 22 + 24 + (-22 - 17).
7
What is -5 + (-2 - (1 + -1)) + -925 + 921?
-11
What is the value of (2 - 46) + 54 + -32?
-22
What is the value of -3 - 1 - ((0 - 8) + (0 - -10))?
-6
What is the value of (-2 - -1 - 1) + 29 + -15 + -4?
8
What is -5 + 3 - ((-10 - 2) + 11)?
-1
Calculate -11 + 10 + -8 + 11 - -16.
18
What is the value of 5 + 10 + (-11 - 4) - 18?
-18
What is 16 + (1 - -9 - (271 + -271))?
26
What is the value of -4 + 13 + 2 + -19?
-8
Evaluate 10 + 1 + -7 - 1.
3
What is the value of 25 + (-3 - -3) + 1 + 0 + -6?
20
What is -18 + -2 - (-18 - -8)?
-10
What is the value of -4 + 0 - (11 + -6 + (-3 - -7))?
-13
Calculate 7 + (0 - 0) - (193 + 0 + -181).
-5
-27 - (3 + (13 - 35))
-8
What is the value of 3 + -12 + 4 - 21 - (59 - 55)?
-30
What is the value of 13 - ((19 + -10 - -2) + 11)?
-9
Calculate 4 - (-15 + -4) - 38.
-15
Evaluate 5 + (1 - ((30 - 10) + 13)).
-27
What is the value of (1 - 3) + (-6 + 1 - -10)?
3
-2 + (-2 - -6) + -2 + (-215 - -216)
1
-34 + 36 - (27 + (-2 - (-2 - 3)))
-28
What is the value of -24 + -3 - -13 - (-12 - 11)?
9
What is 22 - (-1 - -21 - -22)?
-20
What is 0 - (-11 + 0) - 11?
0
What is 12 + (2 - -8) + 5 + 11 + -20?
18
What is the value of 8 - (2 + (-1 - 9)) - 9?
7
What is -9 - (22 - (35 - -15))?
19
-32 + -35 + 50 + 18
1
(-9 - -8) + -15 + 12
-4
Calculate (1 - 2) + 19 + -16 + -3.
-1
What is the value of 19 + -5 - (-2 + 5)?
11
What is -64 + 9 + 43 + (11 - 1)?
-2
-75 + 65 + (1 - (3 + -1)) + -8
-19
Calculate -15 - -27 - 21 - 3.
-12
What is -45 + (-11 - (-5 - 31))?
-20
What is 0 + 1 + (17 - (-14 - -30))?
2
Evaluate 3 + (6 - -7) - (1 - -1 - -2).
12
What is the value of -3 - (5 + -13 + 2)?
3
What is the value of -7 - (-27 + (3 - -7) - 7)?
17
(-2 + 7 - 15) + (-8 - (-4 + -11))
-3
Evaluate (5 - 1) + (8 - 26) + 1.
-13
What is the value of (52 - 43 - (2 + -6)) + -13?
0
What is 17 - (3 - 4 - (-11 + 9))?
16
Calculate 10 - (6 + 4 + -10 + 3 - -1).
6
Calculate 40 + -66 + -2 + 10.
-18
Calculate -6 + -1 - (19 - (-20 - -47)).
1
What is -5 - (-2 + 11 + -13) - -20?
19
What is ((9 - 15) + 0 - -12) + 5?
11
Evaluate -1 - (10 + (4 - 23 - -6)).
2
What is the value of (8 - 0 - (24 + -11)) + -1 - -23?
17
What is the value of -19 + 9 - -2 - (15 - 7)?
-16
Evaluate (-6 - 0) + (5 - (12 - 21)).
8
What is -2 + -3 - (-2 - 20 - -3 - 0)?
14
Calculate -1 + -1 + 2 - (52 + -65).
13
What is the value of (-7 - -12) + 2 - (1 - -10)?
-4
4 + (-2 - (4 - 25)) - (1 - -4)
18
Evaluate (-6 + 3 - -8) + (-3 - -28).
30
Evaluate (19 - 1) + -66 + 6 + 62.
20
What is the value of -17 - (-30 + -3 + 11 - -12)?
-7
Calculate (5 - 0) + 5 + (6 - 6) + 1.
11
What is 17 + -12 + 0 - 37?
-32
What is (2 + 1 - -14) + (-5 - -4)?
16
What is the value of 40 - 41 - (11 + (-3 - -5))?
-14
0 + 23 + -37 - 9
-23
(8 - -10 - 38) + 8
-12
What is 5 + 29 + (113 - 138)?
9
Calculate (7 - 1) + (-10 - (-21 - -1)) + -14.
2
Calculate (11 + -2 - -3) + -8.
4
Calculate -1 + -11 + 11 + -11 - -3.
-9
What is (-29 - -5 - -8) + 20?
4
Evaluate 8 + (3 - 13) + -4 + (4 - 0).
-2
What is the value of (2 + 5 + -3 - -2) + -9 + -6?
-9
Evaluate (-20 - -41 - 20) + (5 - 0).
6
Calculate (-5 - (1 + 1)) + (13 - -8).
14
What is 20 + -49 + 13 - -11?
-5
What is -962 + 971 + (-10 - 1)?
-2
Calculate (-1 - 1) + -5 + -9 + 1.
-15
-3 + (8 - -6) + 6 + -7
10
Calculate (-17 - (-17 + 9)) + -9 + 17 + 14.
13
Evaluate 6 - ((8 - (9 - (4 + 0))) + -8).
11
What is the value of (-2 + 9 - (-7 + 8)) + -18?
-12
(1 + -1 - 1) + -4 - -5
0
211 + -209 + 0 + 2 + -2
2
Calculate 7 + ((-8 - -25) + -1 - -6).
29
Evaluate 15 - (-3 - 1) - (-6 + (-19 - -27)).
17
Evaluate -7 + (-3 + 6 - (33 - 21)).
-16
-1 + (2 - -3) - (571 + -566)
-1
Calculate 18 - (-3 + -3 + 9).
15
3 - (((25 - 3) + -5 - 4) + 2)
-12
(-3 - (10 - 27)) + -23
-9
Calculate (2 - 2 - (-8 - 0)) + 1 + 5.
14
Evaluate -16 + 19 + -4 + -10.
-11
Evaluate -6 + (-30 - (-2 + 2 + -11 + 8)).
-33
What is the value of 3 + 3 + (727 - 714)?
19
Evaluate -4 - 1 - (-21 - (-6 - (4 - 22))).
28
What is the value of (124 + -124 - (-9 + 1)) + (-8 - 1)?
-1
What is (-15 - (-9 + -8)) + 3 + -2 - -8?
11
What is -5 - (-62 + 42 - (0 - 1 - 3))?
11
Calculate 2 + -1 + -1 + (8 - 3) + -3.
2
Calculate (2 - ((13 - 4) + 2)) + 2 + 0.
-7
Calculate -3 - (-1 + (-10 - (1 - (-6 + 9)))).
6
Evaluate (-1 - (-41 + 50)) + (1 - -22).
13
Calculate -3 + 2 - (8 + -1 + -6 + 3).
-5
What is 0 + (22 - 8) + -10 + 21 + -3?
22
(0 - -3) + (-15 - -25 - 5) + 2
10
What is (3 - 22) + (8 + 0 - 2)?
-13
Evaluate 13 + -31 + 3 - 7 - 6.
-28
Calculate (-23 - (-19 + -8)) + 20.
24
-106 + 42 + 56 + (-1 - 0 - -13)
4
What is the value of -7 - ((-15 - -12) + (1 - 2))?
-3
Evaluate (-14 - (-31 + 14)) + 6 + -4.
5
What is (-12 - -2) + (63 - 54)?
-1
Calculate (-2 + 3 - 8) + (80 - 65) - -4.
12
Calculate (12 - -2) + (-151 - -167) + -5.
25
Calculate -108 - -130 - (1 + 35).
-14
What is (7 + 0 - (-5 + 10)) + (67 - 43)?
26
-2 + 3 + -15 + -5 + 2
-17
Evaluate -5 + (0 - -8 - 2).
1
Evaluate (537 - 533) + -25 + -1.
-22
Evaluate (5 - 0 - (1 + 8)) + 3 + -4.
-5
Calculate 14 + (-28 - (-11 + 12)).
-15
Evaluate -3 + -1 + (-10 - (29 - 33)).
-10
What is (-9 + 10 + -3 - -11 - 6) + 20?
23
What is th